{"id":53,"date":"2019-11-22T01:44:08","date_gmt":"2019-11-22T01:44:08","guid":{"rendered":"https:\/\/radiobarrancas.cl\/?page_id=53"},"modified":"2021-11-01T17:48:02","modified_gmt":"2021-11-01T17:48:02","slug":"programacion","status":"publish","type":"page","link":"https:\/\/radiobarrancas.cl\/index.php\/programacion\/","title":{"rendered":"Programaci\u00f3n"},"content":{"rendered":"<h3 style=\"text-align: center;\">Rellena el formulario para pedir tu canci\u00f3n y dedicarla<\/h3>\n\n<div class=\"wpcf7 no-js\" id=\"wpcf7-f415-o1\" lang=\"es-CL\" dir=\"ltr\">\n<div class=\"screen-reader-response\"><p role=\"status\" aria-live=\"polite\" aria-atomic=\"true\"><\/p> <ul><\/ul><\/div>\n<form action=\"\/index.php\/wp-json\/wp\/v2\/pages\/53#wpcf7-f415-o1\" method=\"post\" class=\"wpcf7-form init\" aria-label=\"Contact form\" novalidate=\"novalidate\" data-status=\"init\">\n<div style=\"display: none;\">\n<input type=\"hidden\" name=\"_wpcf7\" value=\"415\" \/>\n<input type=\"hidden\" name=\"_wpcf7_version\" value=\"5.7.6\" \/>\n<input type=\"hidden\" name=\"_wpcf7_locale\" value=\"es_CL\" \/>\n<input type=\"hidden\" name=\"_wpcf7_unit_tag\" value=\"wpcf7-f415-o1\" \/>\n<input type=\"hidden\" name=\"_wpcf7_container_post\" value=\"0\" \/>\n<input type=\"hidden\" name=\"_wpcf7_posted_data_hash\" value=\"\" \/>\n<\/div>\n<p><label> Tu Artista<br \/>\n<span class=\"wpcf7-form-control-wrap\" data-name=\"your-name\"><input size=\"40\" class=\"wpcf7-form-control wpcf7-text\" aria-invalid=\"false\" value=\"\" type=\"text\" name=\"your-name\" \/><\/span> <\/label>\n<\/p>\n<p><label> Canci\u00f3n<br \/>\n<span class=\"wpcf7-form-control-wrap\" data-name=\"your-subject\"><input size=\"40\" class=\"wpcf7-form-control wpcf7-text\" aria-invalid=\"false\" value=\"\" type=\"text\" name=\"your-subject\" \/><\/span> <\/label>\n<\/p>\n<p><label> Dedicado a<br \/>\n<span class=\"wpcf7-form-control-wrap\" data-name=\"text-557\"><input size=\"40\" class=\"wpcf7-form-control wpcf7-text\" aria-invalid=\"false\" value=\"\" type=\"text\" name=\"text-557\" \/><\/span> <\/label>\n<\/p>\n<p><label> Tu Correo (Requerido)<br \/>\n<span class=\"wpcf7-form-control-wrap\" data-name=\"your-email\"><input size=\"40\" class=\"wpcf7-form-control wpcf7-text wpcf7-email wpcf7-validates-as-required wpcf7-validates-as-email\" aria-required=\"true\" aria-invalid=\"false\" value=\"\" type=\"email\" name=\"your-email\" \/><\/span> <\/label>\n<\/p>\n<p><input class=\"wpcf7-form-control has-spinner wpcf7-submit\" type=\"submit\" value=\"Enviar\" \/>\n<\/p><p style=\"display: none !important;\" class=\"akismet-fields-container\" data-prefix=\"_wpcf7_ak_\"><label>&#916;<textarea name=\"_wpcf7_ak_hp_textarea\" cols=\"45\" rows=\"8\" maxlength=\"100\"><\/textarea><\/label><input type=\"hidden\" id=\"ak_js_1\" name=\"_wpcf7_ak_js\" value=\"5\"\/><script>document.getElementById( \"ak_js_1\" ).setAttribute( \"value\", ( new Date() ).getTime() );<\/script><\/p><div class=\"wpcf7-response-output\" aria-hidden=\"true\"><\/div>\n<\/form>\n<\/div>\n\n<table style=\"border-collapse: collapse; width: 96.1148%; height: 429px;\">\n<tbody>\n<tr style=\"height: 73px;\">\n<th style=\"width: 4.15434%; height: 73px; text-align: center;\"><span style=\"font-size: 12pt;\"><strong>Hora<\/strong><\/span><\/th>\n<th style=\"width: 12.7968%; height: 73px; text-align: center;\"><span style=\"font-size: 12pt;\"><strong>Lunes<\/strong><\/span><\/th>\n<th style=\"width: 13.5665%; height: 73px; text-align: center;\"><span style=\"font-size: 12pt;\"><strong>Martes<\/strong><\/span><\/th>\n<th style=\"width: 11.992%; height: 73px; text-align: center;\"><span style=\"font-size: 12pt;\"><strong>Mi\u00e9rcoles<\/strong><\/span><\/th>\n<th style=\"width: 12.6247%; height: 73px;\">\n<p style=\"text-align: center;\"><span style=\"font-size: 12pt;\"><strong>Jueves<\/strong><\/span><\/p>\n<\/th>\n<th style=\"width: 14.0497%; height: 73px; text-align: center;\"><span style=\"font-size: 12pt;\"><strong>Viernes<\/strong><\/span><\/th>\n<th style=\"width: 16.4153%; height: 73px; text-align: center;\"><span style=\"font-size: 12pt;\"><strong>S\u00e1bado<\/strong><\/span><\/th>\n<th style=\"width: 10.6202%; height: 73px;\">\n<p style=\"text-align: center;\"><span style=\"font-size: 12pt;\"><strong>Domingo<\/strong><\/span><\/p>\n<\/th>\n<\/tr>\n<tr style=\"height: 44px;\">\n<td style=\"width: 4.15434%; height: 44px;\"><span style=\"color: #ff0000;\"><strong>9:00<\/strong><\/span><\/td>\n<td style=\"width: 12.7968%; height: 44px;\"><\/td>\n<td style=\"width: 13.5665%; height: 44px;\"><\/td>\n<td style=\"width: 11.992%; height: 44px;\"><\/td>\n<td style=\"width: 12.6247%; height: 44px;\"><\/td>\n<td style=\"width: 14.0497%; height: 44px;\"><\/td>\n<td style=\"width: 16.4153%; height: 44px;\"><\/td>\n<td style=\"width: 10.6202%; height: 44px;\"><\/td>\n<\/tr>\n<tr>\n<td style=\"width: 4.15434%;\"><span style=\"color: #ff0000;\"><strong>10:00<\/strong><\/span><\/td>\n<td style=\"width: 12.7968%;\"><\/td>\n<td style=\"width: 13.5665%;\"><\/td>\n<td style=\"width: 11.992%;\"><\/td>\n<td style=\"width: 12.6247%;\"><\/td>\n<td style=\"width: 14.0497%;\"><\/td>\n<td style=\"width: 16.4153%;\"><\/td>\n<td style=\"width: 10.6202%; text-align: center;\"><span style=\"color: #0000ff;\"><strong>Domingo De Tangos<\/strong><\/span><\/td>\n<\/tr>\n<tr style=\"height: 24px;\">\n<td style=\"width: 4.15434%; height: 24px;\"><span style=\"color: #ff0000;\"><strong>10:30<\/strong><\/span><\/td>\n<td style=\"width: 12.7968%; height: 24px; text-align: center;\"><\/td>\n<td style=\"width: 13.5665%; height: 24px;\">\n<p style=\"text-align: center;\"><strong><span style=\"color: #0000ff;\">El Soplete<\/span><\/strong><\/p>\n<p style=\"text-align: center;\"><span style=\"font-size: 10pt;\">Matinal conducido por<\/span><\/p>\n<p style=\"text-align: center;\"><span style=\"font-size: 10pt;\"> Victor Rodr\u00edguez<\/span><\/p>\n<\/td>\n<td style=\"width: 11.992%; height: 24px; text-align: center;\"><\/td>\n<td style=\"width: 12.6247%; height: 24px;\">\n<p style=\"text-align: center;\"><strong><span style=\"color: #0000ff;\">El Soplete<\/span><\/strong><\/p>\n<p style=\"text-align: center;\"><span style=\"font-size: 10pt;\">Matinal conducido por<\/span><\/p>\n<p style=\"text-align: center;\"><span style=\"font-size: 10pt;\"> Victor Rodr\u00edguez<\/span><\/p>\n<\/td>\n<td style=\"width: 14.0497%; height: 24px; text-align: center;\"><\/td>\n<td style=\"width: 16.4153%; height: 24px;\"><\/td>\n<td style=\"width: 10.6202%; height: 24px;\"><\/td>\n<\/tr>\n<tr style=\"height: 24px;\">\n<td style=\"width: 4.15434%; height: 24px;\"><span style=\"color: #ff0000;\"><strong>11:00<\/strong><\/span><\/td>\n<td style=\"width: 12.7968%; height: 24px;\"><\/td>\n<td style=\"width: 13.5665%; height: 24px;\"><\/td>\n<td style=\"width: 11.992%; height: 24px;\"><\/td>\n<td style=\"width: 12.6247%; height: 24px;\"><\/td>\n<td style=\"width: 14.0497%; height: 24px;\"><\/td>\n<td style=\"width: 16.4153%; height: 24px;\">\n<p style=\"text-align: center;\"><span style=\"color: #0000ff;\"><strong>Rinc\u00f3n Ranchero<\/strong><\/span><\/p>\n<p style=\"text-align: center;\">Conduce<\/p>\n<p style=\"text-align: center;\">Pedro Vilches<\/p>\n<\/td>\n<td style=\"width: 10.6202%; height: 24px;\"><\/td>\n<\/tr>\n<tr style=\"height: 24px;\">\n<td style=\"width: 4.15434%; height: 24px;\"><span style=\"color: #ff0000;\"><strong>12:00<\/strong><\/span><\/td>\n<td style=\"width: 12.7968%; height: 24px;\"><\/td>\n<td style=\"width: 13.5665%; height: 24px;\"><\/td>\n<td style=\"width: 11.992%; height: 24px;\"><\/td>\n<td style=\"width: 12.6247%; height: 24px;\"><\/td>\n<td style=\"width: 14.0497%; height: 24px;\"><\/td>\n<td style=\"width: 16.4153%; height: 24px;\">\n<p style=\"text-align: center;\"><span style=\"color: #0000ff;\"><strong>Folclore y + Folclore<\/strong><\/span><\/p>\n<p style=\"text-align: center;\">Conducen<\/p>\n<p style=\"text-align: center;\">Victor Rodr\u00edguez y Pedro Vilches<\/p>\n<\/td>\n<td style=\"width: 10.6202%; height: 24px; text-align: center;\"><span style=\"color: #0000ff;\"><strong>Domingo De Recuerdos<\/strong><\/span><\/p>\n<p>Conduce<\/p>\n<p>V\u00edctor Rodr\u00edguez<\/td>\n<\/tr>\n<tr>\n<td style=\"width: 4.15434%;\"><span style=\"color: #ff0000;\"><strong>18:00<\/strong><\/span><\/td>\n<td style=\"width: 12.7968%;\">\n<p style=\"text-align: center;\"><strong><span style=\"color: #0000ff;\">Zona Mixta<\/span><\/strong><\/p>\n<p style=\"text-align: center;\"><span style=\"font-size: 10pt;\">Conducido por <\/span><\/p>\n<p style=\"text-align: center;\"><span style=\"font-size: 10pt;\">Pedro Rodr\u00edguez y Rodolfo Cuevas<\/span><\/p>\n<p style=\"text-align: center;\"><strong><span style=\"color: #0000ff;\">\u00a0<\/span><\/strong><\/p>\n<\/td>\n<td style=\"width: 13.5665%;\"><\/td>\n<td style=\"width: 11.992%;\"><\/td>\n<td style=\"width: 12.6247%;\">\n<p style=\"text-align: center;\">\n<\/td>\n<td style=\"width: 14.0497%;\">\n<p style=\"text-align: center;\"><strong><span style=\"color: #0000ff;\">Zona Mixta<\/span><\/strong><\/p>\n<p style=\"text-align: center;\"><span style=\"font-size: 10pt;\">Conducido por <\/span><\/p>\n<p style=\"text-align: center;\"><span style=\"font-size: 10pt;\">Pedro Rodr\u00edguez y Rodolfo<\/span><\/p>\n<p style=\"text-align: center;\"><span style=\"font-size: 10pt;\"> Cuevas<\/span><\/p>\n<p style=\"text-align: center;\"><strong><span style=\"color: #0000ff;\">\u00a0<\/span><\/strong><\/p>\n<\/td>\n<td style=\"width: 16.4153%;\"><\/td>\n<td style=\"width: 10.6202%;\"><\/td>\n<\/tr>\n<tr style=\"height: 24px;\">\n<td style=\"width: 4.15434%; height: 24px;\"><span style=\"color: #ff0000;\"><strong>19:00<\/strong><\/span><\/td>\n<td style=\"width: 12.7968%; height: 24px;\">\n<p style=\"text-align: center;\">\n<\/td>\n<td style=\"width: 13.5665%; height: 24px; text-align: center;\"><strong><span style=\"color: #0000ff;\">Renacer Andino<\/span><\/strong><\/td>\n<td style=\"width: 11.992%; height: 24px;\"><\/td>\n<td style=\"width: 12.6247%; height: 24px;\"><\/td>\n<td style=\"width: 14.0497%; height: 24px;\"><\/td>\n<td style=\"width: 16.4153%; height: 24px;\"><\/td>\n<td style=\"width: 10.6202%; height: 24px;\"><\/td>\n<\/tr>\n<tr style=\"height: 24px;\">\n<td style=\"width: 4.15434%; height: 24px;\"><span style=\"color: #ff0000;\"><strong>20:00<\/strong><\/span><\/td>\n<td style=\"width: 12.7968%; height: 24px;\">\n<p style=\"text-align: center;\">\n<\/td>\n<td style=\"width: 13.5665%; height: 24px;\"><\/td>\n<td style=\"width: 11.992%; height: 24px;\"><\/td>\n<td style=\"width: 12.6247%; height: 24px;\"><\/td>\n<td style=\"width: 14.0497%; height: 24px;\">\n<p style=\"text-align: center;\">\n<\/td>\n<td style=\"width: 16.4153%; height: 24px;\"><\/td>\n<td style=\"width: 10.6202%; height: 24px;\"><\/td>\n<\/tr>\n<\/tbody>\n<\/table>\n<p>&nbsp;<\/p>\n","protected":false},"excerpt":{"rendered":"<p>Rellena el formulario para pedir tu canci\u00f3n y dedicarla Hora Lunes Martes Mi\u00e9rcoles Jueves Viernes S\u00e1bado Domingo 9:00 10:00 Domingo De Tangos 10:30 El Soplete Matinal conducido por Victor Rodr\u00edguez El Soplete Matinal conducido por Victor Rodr\u00edguez 11:00 Rinc\u00f3n Ranchero Conduce Pedro Vilches 12:00 Folclore y + Folclore Conducen Victor Rodr\u00edguez y Pedro Vilches Domingo<\/p>\n<p class=\"more-link\"><a href=\"https:\/\/radiobarrancas.cl\/index.php\/programacion\/\" class=\"themebutton2\">Read More<\/a><\/p>\n","protected":false},"author":1,"featured_media":303,"parent":0,"menu_order":1,"comment_status":"closed","ping_status":"closed","template":"","meta":{"footnotes":""},"class_list":["post-53","page","type-page","status-publish","has-post-thumbnail","hentry"],"_links":{"self":[{"href":"https:\/\/radiobarrancas.cl\/index.php\/wp-json\/wp\/v2\/pages\/53","targetHints":{"allow":["GET"]}}],"collection":[{"href":"https:\/\/radiobarrancas.cl\/index.php\/wp-json\/wp\/v2\/pages"}],"about":[{"href":"https:\/\/radiobarrancas.cl\/index.php\/wp-json\/wp\/v2\/types\/page"}],"author":[{"embeddable":true,"href":"https:\/\/radiobarrancas.cl\/index.php\/wp-json\/wp\/v2\/users\/1"}],"replies":[{"embeddable":true,"href":"https:\/\/radiobarrancas.cl\/index.php\/wp-json\/wp\/v2\/comments?post=53"}],"version-history":[{"count":60,"href":"https:\/\/radiobarrancas.cl\/index.php\/wp-json\/wp\/v2\/pages\/53\/revisions"}],"predecessor-version":[{"id":626,"href":"https:\/\/radiobarrancas.cl\/index.php\/wp-json\/wp\/v2\/pages\/53\/revisions\/626"}],"wp:featuredmedia":[{"embeddable":true,"href":"https:\/\/radiobarrancas.cl\/index.php\/wp-json\/wp\/v2\/media\/303"}],"wp:attachment":[{"href":"https:\/\/radiobarrancas.cl\/index.php\/wp-json\/wp\/v2\/media?parent=53"}],"curies":[{"name":"wp","href":"https:\/\/api.w.org\/{rel}","templated":true}]}}